
What is the greatest common divisor of 39660 and 230?
10
Calculate the greatest common divisor of 233 and 120.
1
What is the highest common divisor of 947845 and 163?
163
Calculate the highest common divisor of 529 and 6946.
23
What is the highest common factor of 2744 and 9079?
7
What is the highest common factor of 60 and 24855?
15
Calculate the greatest common factor of 1134 and 19764.
162
What is the greatest common factor of 5064 and 26375?
211
What is the greatest common factor of 445 and 10?
5
What is the greatest common divisor of 5394 and 806?
62
What is the greatest common divisor of 163856 and 76?
76
What is the greatest common factor of 270 and 6912?
54
Calculate the highest common divisor of 55752 and 2484.
276
What is the greatest common divisor of 372 and 114762?
186
What is the greatest common factor of 989 and 58880?
23
Calculate the highest common divisor of 4446469 and 17.
17
Calculate the greatest common divisor of 2205 and 17460.
45
What is the highest common factor of 750384 and 600?
24
Calculate the highest common divisor of 3795 and 217965.
165
Calculate the greatest common divisor of 326904 and 1908.
636
Calculate the highest common factor of 9545 and 73370.
115
What is the greatest common factor of 1 and 62732?
1
Calculate the highest common factor of 204 and 50252.
68
What is the highest common factor of 5221 and 13847?
227
What is the greatest common factor of 5643 and 61237?
209
Calculate the highest common factor of 2898 and 48024.
414
Calculate the highest common divisor of 1694 and 14182.
14
Calculate the highest common divisor of 826 and 4508.
14
What is the highest common divisor of 3838 and 47066?
202
What is the greatest common factor of 3177 and 9?
9
What is the highest common divisor of 5934511 and 22?
11
What is the greatest common factor of 1121 and 346864?
19
What is the greatest common factor of 5019 and 1472718?
717
Calculate the greatest common divisor of 64 and 10592.
32
Calculate the highest common divisor of 920 and 4508.
92
What is the greatest common factor of 15 and 620?
5
Calculate the highest common divisor of 21463 and 2921.
127
What is the highest common factor of 34940 and 100?
20
What is the highest common divisor of 14840 and 517174?
742
What is the greatest common divisor of 340 and 102740?
20
What is the highest common factor of 1320077 and 11?
11
What is the greatest common factor of 4193 and 1883?
7
Calculate the highest common divisor of 189600 and 13600.
800
Calculate the greatest common factor of 163016 and 615.
41
Calculate the highest common factor of 1248 and 72.
24
Calculate the greatest common divisor of 34916 and 140.
28
What is the greatest common factor of 1764 and 5684?
196
Calculate the highest common factor of 1665 and 5557770.
1665
Calculate the greatest common factor of 123591 and 2925.
39
What is the greatest common divisor of 175697 and 23?
23
What is the highest common divisor of 285408 and 234?
18
What is the greatest common divisor of 31482 and 7898?
22
Calculate the highest common factor of 109445 and 11800.
295
Calculate the greatest common divisor of 1066 and 2834.
26
Calculate the highest common divisor of 102 and 11204751.
51
Calculate the greatest common divisor of 937 and 18193729.
937
Calculate the greatest common divisor of 31650 and 3810.
30
What is the greatest common divisor of 71072 and 64?
32
Calculate the highest common divisor of 18 and 2114.
2
What is the greatest common factor of 1117593 and 207?
207
What is the highest common divisor of 206390 and 10?
10
Calculate the highest common factor of 613 and 18958251.
613
Calculate the highest common divisor of 690 and 2898.
138
What is the greatest common factor of 11609 and 741?
247
What is the highest common factor of 10742 and 524?
262
Calculate the highest common factor of 14 and 973.
7
What is the highest common factor of 78991 and 3311?
473
What is the greatest common divisor of 13545 and 4635?
45
What is the highest common factor of 2751 and 3?
3
Calculate the greatest common divisor of 1176 and 11074.
98
Calculate the highest common divisor of 1034351 and 389.
389
Calculate the highest common factor of 15 and 4285.
5
What is the highest common factor of 735 and 428064?
147
Calculate the greatest common divisor of 11837 and 1424.
89
Calculate the greatest common factor of 40730 and 10.
10
What is the highest common factor of 124 and 37262?
62
Calculate the greatest common factor of 1257 and 5873961.
1257
What is the greatest common factor of 957115 and 1605?
535
Calculate the greatest common factor of 2124 and 118692.
36
Calculate the greatest common divisor of 9700 and 600.
100
What is the greatest common factor of 1280 and 14370?
10
What is the highest common factor of 24396 and 2508?
228
What is the highest common factor of 110258 and 58?
58
Calculate the greatest common divisor of 580925 and 75.
25
What is the greatest common divisor of 204 and 21199?
17
Calculate the highest common divisor of 77460 and 180.
60
Calculate the highest common factor of 2236 and 135837.
559
What is the highest common factor of 407 and 3630?
11
Calculate the greatest common divisor of 616 and 1414.
14
What is the highest common factor of 120 and 473355?
15
What is the greatest common factor of 21356 and 16?
4
Calculate the greatest common factor of 19600 and 79380.
980
What is the greatest common divisor of 76460 and 12?
4
Calculate the greatest common divisor of 102827 and 1819.
107
Calculate the greatest common factor of 4880 and 82045.
305
What is the highest common divisor of 2145358 and 177?
59
What is the highest common divisor of 61 and 65?
1
What is the greatest common divisor of 488460 and 420?
420
What is the highest common divisor of 37524 and 2544?
636
Calculate the greatest common factor of 2815 and 555.
5
Calculate the highest common factor of 181752 and 72.
24
Calculate the highest common factor of 31639 and 10910.
1091
Calculate the greatest common factor of 78917 and 1590.
53
Calculate the greatest common factor of 47011 and 98457.
887
Calculate the highest common factor of 3012087 and 1014.
507
Calculate the greatest common factor of 628101 and 3483.
1161
What is the highest common divisor of 16 and 186356?
4
What is the highest common factor of 148 and 125356?
148
Calculate the greatest common factor of 8728 and 378577.
1091
What is the highest common divisor of 38403 and 714?
51
What is the greatest common divisor of 53501 and 7?
7
Calculate the greatest common divisor of 5476 and 313501.
1369
What is the highest common divisor of 2020221 and 3?
3
Calculate the greatest common divisor of 213 and 88679.
71
Calculate the greatest common divisor of 112623 and 4557.
651
What is the highest common divisor of 3751 and 484?
121
What is the greatest common divisor of 23523 and 12?
3
Calculate the greatest common divisor of 353 and 952747.
353
What is the highest common divisor of 6578 and 4048?
506
What is the greatest common factor of 7485 and 7815?
15
What is the greatest common factor of 70 and 19390?
70
Calculate the highest common divisor of 12064 and 2041.
13
What is the highest common factor of 1475073 and 18?
9
Calculate the greatest common divisor of 18 and 314.
2
What is the highest common factor of 6495 and 1345?
5
What is the greatest common factor of 1394 and 39278?
82
What is the highest common factor of 2142 and 36?
18
Calculate the greatest common divisor of 110021 and 269.
269
Calculate the highest common divisor of 15982 and 183.
61
What is the highest common factor of 752 and 6486?
94
What is the greatest common divisor of 1702 and 6302?
46
What is the greatest common factor of 337152 and 120?
24
Calculate the greatest common factor of 300 and 102075.
75
Calculate the greatest common factor of 122820 and 27600.
1380
Calculate the greatest common divisor of 88 and 1080.
8
Calculate the greatest common factor of 1161745 and 26.
13
What is the greatest common divisor of 3444 and 3936?
492
What is the greatest common factor of 157824 and 102750?
822
What is the highest common divisor of 3068 and 3355625?
767
Calculate the greatest common factor of 27 and 35712.
9
What is the highest common factor of 20 and 60910?
10
Calculate the greatest common factor of 907840 and 320.
320
What